hat is the remainder when 14556545 is divided by 38?
37
What is the remainder when 323250 is divided by 1903?
1643
Calculate the remainder when 5333900 is divided by 5804.
24
What is the remainder when 55635 is divided by 3080?
195
What is the remainder when 7384 is divided by 1302?
874
What is the remainder when 6421576 is divided by 292?
204
What is the remainder when 14916980 is divided by 324282?
8
What is the remainder when 47949 is divided by 1542?
147
Calculate the remainder when 1408224 is divided by 1407739.
485
What is the remainder when 836386 is divided by 278793?
7
Calculate the remainder when 4526206 is divided by 288.
286
What is the remainder when 82129 is divided by 1120?
369
Calculate the remainder when 19011046 is divided by 1139.
1136
Calculate the remainder when 2593929 is divided by 203.
198
Calculate the remainder when 71864 is divided by 8710.
2184
What is the remainder when 129230860 is divided by 712?
12
Calculate the remainder when 51039995 is divided by 3694.
3691
What is the remainder when 18495253 is divided by 478?
477
Calculate the remainder when 1301833 is divided by 86788.
13
What is the remainder when 4130500 is divided by 21513?
4
Calculate the remainder when 71633324 is divided by 1349.
75
What is the remainder when 435787 is divided by 217807?
173
What is the remainder when 7346688 is divided by 405?
393
Calculate the remainder when 1204613 is divided by 1782.
1763
What is the remainder when 327837 is divided by 73?
67
What is the remainder when 50007012 is divided by 4167244?
84
Calculate the remainder when 9783038 is divided by 1393.
1392
What is the remainder when 478485 is divided by 138?
39
Calculate the remainder when 23425 is divided by 6942.
2599
Calculate the remainder when 257243 is divided by 582.
581
Calculate the remainder when 9598783 is divided by 8.
7
What is the remainder when 11633054 is divided by 2326606?
24
What is the remainder when 2061886 is divided by 1533?
1
What is the remainder when 162266 is divided by 53824?
794
Calculate the remainder when 719668 is divided by 1292.
24
Calculate the remainder when 1131821234 is divided by 533.
531
What is the remainder when 2190775 is divided by 337?
275
Calculate the remainder when 9274396 is divided by 870.
196
What is the remainder when 27164855 is divided by 636?
23
What is the remainder when 770426526 is divided by 344?
342
What is the remainder when 1524528 is divided by 74?
54
Calculate the remainder when 4804738 is divided by 1372.
1366
What is the remainder when 168296039 is divided by 990?
989
What is the remainder when 1051143 is divided by 28409?
10
Calculate the remainder when 13907310 is divided by 2038.
2036
Calculate the remainder when 22013595 is divided by 200.
195
What is the remainder when 3010768 is divided by 334490?
358
What is the remainder when 201391 is divided by 790?
731
What is the remainder when 484793 is divided by 161581?
50
Calculate the remainder when 2610111 is divided by 39.
36
What is the remainder when 563717326 is divided by 159?
157
What is the remainder when 27456 is divided by 13728?
0
Calculate the remainder when 58962 is divided by 1205.
1122
What is the remainder when 3039907 is divided by 1012079?
3670
What is the remainder when 66189 is divided by 7035?
2874
Calculate the remainder when 8383021 is divided by 97.
87
Calculate the remainder when 1036026 is divided by 4315.
426
Calculate the remainder when 3656396 is divided by 894.
830
Calculate the remainder when 17982 is divided by 648.
486
Calculate the remainder when 2112437 is divided by 192036.
41
What is the remainder when 13174 is divided by 6477?
220
What is the remainder when 1449 is divided by 21?
0
What is the remainder when 10336945 is divided by 150?
145
What is the remainder when 979225 is divided by 33?
16
Calculate the remainder when 3060298791 is divided by 1913.
1910
Calculate the remainder when 214870724 is divided by 101.
92
What is the remainder when 28170 is divided by 8019?
4113
Calculate the remainder when 1447075 is divided by 19.
16
Calculate the remainder when 2164360 is divided by 541067.
92
Calculate the remainder when 227638 is divided by 1603.
12
What is the remainder when 2600436 is divided by 56?
20
Calculate the remainder when 4805555 is divided by 291.
272
What is the remainder when 77564666 is divided by 315?
11
Calculate the remainder when 350988 is divided by 1838.
1768
What is the remainder when 163194 is divided by 54248?
450
Calculate the remainder when 552816 is divided by 4169.
2508
Calculate the remainder when 378030 is divided by 351.
3
What is the remainder when 548767 is divided by 548765?
2
Calculate the remainder when 160644053 is divided by 56.
45
Calculate the remainder when 94327355 is divided by 3382.
3375
What is the remainder when 1129252 is divided by 3455?
2922
What is the remainder when 1642648 is divided by 626?
24
Calculate the remainder when 57998 is divided by 19088.
734
What is the remainder when 67905 is divided by 322?
285
Calculate the remainder when 24997047 is divided by 480.
87
Calculate the remainder when 64488700 is divided by 212.
208
Calculate the remainder when 181104 is divided by 3360.
3024
Calculate the remainder when 425634 is divided by 2026.
174
What is the remainder when 4807 is divided by 4258?
549
Calculate the remainder when 680488 is divided by 457.
15
Calculate the remainder when 12464302 is divided by 336873.
1
What is the remainder when 8565874 is divided by 7468?
78
Calculate the remainder when 253364 is divided by 366.
92
What is the remainder when 76128388 is divided by 4006757?
5
What is the remainder when 491364 is divided by 365?
74
What is the remainder when 3779889 is divided by 97?
90
Calculate the remainder when 132134 is divided by 2697.
2678
What is the remainder when 17079798 is divided by 40?
38
What is the remainder when 230237 is divided by 1938?
1553
Calculate the remainder when 94259 is divided by 18709.
714
Calculate the remainder when 28431 is divided by 4413.
1953
Calculate the remainder when 1161467 is divided by 595.
27
What is the remainder when 2371704 is divided by 91219?
10
Calculate the remainder when 361439 is divided by 4.
3
What is the remainder when 2532224 is divided by 167?
3
Calculate the remainder when 3016618 is divided by 412.
366
Calculate the remainder when 26381181 is divided by 188437.
1
What is the remainder when 10697457 is divided by 836?
1
Calculate the remainder when 21788808 is divided by 31.
24
Calculate the remainder when 79758 is divided by 5171.
2193
Calculate the remainder when 15016364 is divided by 12.
8
What is the remainder when 96448 is divided by 24020?
368
Calculate the remainder when 1086891 is divided by 362284.
39
Calculate the remainder when 5011198 is divided by 960.
958
Calculate the remainder when 1267004 is divided by 295.
274
What is the remainder when 366886 is divided by 91633?
354
What is the remainder when 2855672 is divided by 2855668?
4
Calculate the remainder when 3035371 is divided by 488.
11
Calculate the remainder when 74034 is divided by 3214.
112
What is the remainder when 105997 is divided by 21192?
37
Calculate the remainder when 22128473 is divided by 1210.
1203
Calculate the remainder when 107081 is divided by 654.
479
What is the remainder when 358276 is divided by 177658?
2960
Calculate the remainder when 2708317 is divided by 21.
10
Calculate the remainder when 10229671 is divided by 14.
11
What is the remainder when 23631 is divided by 221?
205
Calculate the remainder when 1022577 is divided by 380.
377
What is the remainder when 16513910 is divided by 17?
8
Calculate the remainder when 4406485 is divided by 39.
31
Calculate the remainder when 178715615 is divided by 3529.
3526
Calculate the remainder when 9589035 is divided by 39461.
12
What is the remainder when 1919789 is divided by 10?
9
What is the remainder when 196101288 is divided by 595?
593
What is the remainder when 708288 is divided by 235923?
519
Calculate the remainder when 533659 is divided by 27909.
3388
What is the remainder when 21265 is divided by 21252?
13
What is the remainder when 4031501 is divided by 7?
5
What is the remainder when 764287 is divided by 37?
15
Calculate the remainder when 813367 